{"id":1176,"date":"2022-05-06T16:45:16","date_gmt":"2022-05-06T16:45:16","guid":{"rendered":"https:\/\/cabanadeportiva.com\/?post_type=product&#038;p=1176"},"modified":"2024-01-19T15:44:36","modified_gmt":"2024-01-19T15:44:36","slug":"balon-para-voleibol-v330w","status":"publish","type":"product","link":"https:\/\/cabanadeportiva.com\/?product=balon-para-voleibol-v330w","title":{"rendered":"Balon para voleibol v330w"},"content":{"rendered":"<p>BAL\u00d3N DE VOLEIBOL MIKASA V330W # 5<\/p>\n<p>Original, para entrenamiento y competici\u00f3n certificado por la FIVB y DVV, con superficie suave y dise\u00f1o aerodin\u00e1mico, con tecnolog\u00eda SINGLE DIMPLE el cual brinda mayor agarre, sensibilidad y reduce al m\u00ednimo la resistencia del aire. Elaborado en cuero compuesto exclusivo y laminado con dise\u00f1o en 18 paneles, peso (260 -280 g), circunferencia ( 65 \u2013 67 cm) y color (amarillo, azul) oficiales.<\/p>\n","protected":false},"excerpt":{"rendered":"<p>BAL\u00d3N DE VOLEIBOL MIKASA V330W # 5 Original, para entrenamiento y competici\u00f3n certificado por la FIVB y DVV, con superficie suave y dise\u00f1o aerodin\u00e1mico, con tecnolog\u00eda SINGLE DIMPLE el cual brinda mayor agarre, sensibilidad y reduce al m\u00ednimo la resistencia del aire. Elaborado en cuero compuesto exclusivo y laminado con dise\u00f1o en 18 paneles, peso<\/p>\n<p class=\"link-more\"><a href=\"https:\/\/cabanadeportiva.com\/?product=balon-para-voleibol-v330w\" class=\"more-link\"><span>Leer M\u00e1s<\/span><span class=\"meta-nav\">&#8594;<\/span><\/a><\/p>\n","protected":false},"featured_media":2335,"comment_status":"open","ping_status":"closed","template":"","meta":[],"product_brand":[],"product_cat":[57,62],"product_tag":[],"class_list":{"0":"post-1176","1":"product","2":"type-product","3":"status-publish","4":"has-post-thumbnail","6":"product_cat-deportes","7":"product_cat-voleibol","8":"yith_product_brand-mikasa","10":"first","11":"instock","12":"sale","13":"shipping-taxable","14":"purchasable","15":"product-type-simple"},"_links":{"self":[{"href":"https:\/\/cabanadeportiva.com\/index.php?rest_route=\/wp\/v2\/product\/1176","targetHints":{"allow":["GET"]}}],"collection":[{"href":"https:\/\/cabanadeportiva.com\/index.php?rest_route=\/wp\/v2\/product"}],"about":[{"href":"https:\/\/cabanadeportiva.com\/index.php?rest_route=\/wp\/v2\/types\/product"}],"replies":[{"embeddable":true,"href":"https:\/\/cabanadeportiva.com\/index.php?rest_route=%2Fwp%2Fv2%2Fcomments&post=1176"}],"wp:featuredmedia":[{"embeddable":true,"href":"https:\/\/cabanadeportiva.com\/index.php?rest_route=\/wp\/v2\/media\/2335"}],"wp:attachment":[{"href":"https:\/\/cabanadeportiva.com\/index.php?rest_route=%2Fwp%2Fv2%2Fmedia&parent=1176"}],"wp:term":[{"taxonomy":"product_brand","embeddable":true,"href":"https:\/\/cabanadeportiva.com\/index.php?rest_route=%2Fwp%2Fv2%2Fproduct_brand&post=1176"},{"taxonomy":"product_cat","embeddable":true,"href":"https:\/\/cabanadeportiva.com\/index.php?rest_route=%2Fwp%2Fv2%2Fproduct_cat&post=1176"},{"taxonomy":"product_tag","embeddable":true,"href":"https:\/\/cabanadeportiva.com\/index.php?rest_route=%2Fwp%2Fv2%2Fproduct_tag&post=1176"}],"curies":[{"name":"wp","href":"https:\/\/api.w.org\/{rel}","templated":true}]}}