{"id":1298,"date":"2022-05-09T15:45:55","date_gmt":"2022-05-09T15:45:55","guid":{"rendered":"https:\/\/cabanadeportiva.com\/?post_type=product&#038;p=1298"},"modified":"2022-05-09T15:45:55","modified_gmt":"2022-05-09T15:45:55","slug":"balon-pilates-sport-fitness","status":"publish","type":"product","link":"https:\/\/cabanadeportiva.com\/?product=balon-pilates-sport-fitness","title":{"rendered":"Bal\u00f3n pilates sport fitness"},"content":{"rendered":"<p>Las Bolas Gimnasia para ejercicios de Sport Fitness mejoran la postura, el balance y la flexibilidad. Adem\u00e1s, previenen el dolor lumbar, y adelgazan cadera y muslos. Pero eso no es todo, son ideales para trabajar abdominales, sentadillas, alinear la columna y tanto tonificar como fortalecer los m\u00fasculos en general.<br \/>\nOtra opci\u00f3n es utilizarlas como un complemento para ejercicios de yoga y pilates. Incluso, son ideales para embarazadas.<br \/>\nLa mejor parte es que las bolas gimnasia para ejercicios son muy seguras a causa del material anti explosi\u00f3n con el que fueron construidas. As\u00ed que no sufrir\u00e1s lesiones o accidentes por un material de mala calidad.<br \/>\nBal\u00f3n para hacer ejercicio, material pvc, extra durable.<\/p>\n<p>Resiste hasta 180 kg.<\/p>\n<p>Di\u00e1metros: 55 cm, 65 cm, 75 cm.<\/p>\n<p>Anti-slip dise\u00f1o hace que el entrenamiento seguro y aumenta la eficacia del ejercicio.<\/p>\n<p>Adecuado para yoga, pilates, entrenamiento con pesas y otros deportes de equilibrio.<\/p>\n<p>Se puede construir la fuerza muscular, mejorar la salud y figura del cuerpo.<\/p>\n","protected":false},"excerpt":{"rendered":"<p>Las Bolas Gimnasia para ejercicios de Sport Fitness mejoran la postura, el balance y la flexibilidad. Adem\u00e1s, previenen el dolor lumbar, y adelgazan cadera y muslos. Pero eso no es todo, son ideales para trabajar abdominales, sentadillas, alinear la columna y tanto tonificar como fortalecer los m\u00fasculos en general. Otra opci\u00f3n es utilizarlas como un<\/p>\n<p class=\"link-more\"><a href=\"https:\/\/cabanadeportiva.com\/?product=balon-pilates-sport-fitness\" class=\"more-link\"><span>Leer M\u00e1s<\/span><span class=\"meta-nav\">&#8594;<\/span><\/a><\/p>\n","protected":false},"featured_media":1299,"comment_status":"open","ping_status":"closed","template":"","meta":[],"product_brand":[],"product_cat":[67],"product_tag":[],"class_list":{"0":"post-1298","1":"product","2":"type-product","3":"status-publish","4":"has-post-thumbnail","6":"product_cat-gym","7":"yith_product_brand-sport-fitness","9":"first","10":"instock","11":"sale","12":"shipping-taxable","13":"purchasable","14":"product-type-simple"},"_links":{"self":[{"href":"https:\/\/cabanadeportiva.com\/index.php?rest_route=\/wp\/v2\/product\/1298","targetHints":{"allow":["GET"]}}],"collection":[{"href":"https:\/\/cabanadeportiva.com\/index.php?rest_route=\/wp\/v2\/product"}],"about":[{"href":"https:\/\/cabanadeportiva.com\/index.php?rest_route=\/wp\/v2\/types\/product"}],"replies":[{"embeddable":true,"href":"https:\/\/cabanadeportiva.com\/index.php?rest_route=%2Fwp%2Fv2%2Fcomments&post=1298"}],"wp:featuredmedia":[{"embeddable":true,"href":"https:\/\/cabanadeportiva.com\/index.php?rest_route=\/wp\/v2\/media\/1299"}],"wp:attachment":[{"href":"https:\/\/cabanadeportiva.com\/index.php?rest_route=%2Fwp%2Fv2%2Fmedia&parent=1298"}],"wp:term":[{"taxonomy":"product_brand","embeddable":true,"href":"https:\/\/cabanadeportiva.com\/index.php?rest_route=%2Fwp%2Fv2%2Fproduct_brand&post=1298"},{"taxonomy":"product_cat","embeddable":true,"href":"https:\/\/cabanadeportiva.com\/index.php?rest_route=%2Fwp%2Fv2%2Fproduct_cat&post=1298"},{"taxonomy":"product_tag","embeddable":true,"href":"https:\/\/cabanadeportiva.com\/index.php?rest_route=%2Fwp%2Fv2%2Fproduct_tag&post=1298"}],"curies":[{"name":"wp","href":"https:\/\/api.w.org\/{rel}","templated":true}]}}