{"id":1308,"date":"2022-05-09T16:01:27","date_gmt":"2022-05-09T16:01:27","guid":{"rendered":"https:\/\/cabanadeportiva.com\/?post_type=product&#038;p=1308"},"modified":"2023-10-03T17:05:51","modified_gmt":"2023-10-03T17:05:51","slug":"pesa-tobillera-3-kg","status":"publish","type":"product","link":"https:\/\/cabanadeportiva.com\/?product=pesa-tobillera-3-kg","title":{"rendered":"Pesa tobillera 3 kg"},"content":{"rendered":"<p>PESAS TOBILLERAS SPORTFITNESS 3KG<\/p>\n<p>Caracter\u00edsticas:<\/p>\n<p>&#8211; Material Interno: Relleno de Arena y Plomo<br \/>\n&#8211; Peso: 3 kg c\/u<br \/>\n&#8211; Material Externo: Velcro, Tela Oxford<br \/>\n&#8211; Uso: Dom\u00e9stico Premium, Institucional y Profesional<\/p>\n<p>VENTAJAS:<\/p>\n<p>&#8211; Puedes usarlas tambi\u00e9n en las mu\u00f1ecas<br \/>\n&#8211; Te permite obtener buenos resultados en tiempos m\u00e1s cortos<br \/>\n&#8211; Permiten aprovechar mucho m\u00e1s el trabajo cardiovascular<br \/>\n&#8211; Mejora la fuerza, potencia, velocidad, resistencia y elasticidad del corredor<br \/>\n&#8211; Generan un est\u00edmulo adicional en los m\u00fasculos de las piernas y brazos lo que te permite tonificarlos de manera m\u00e1s r\u00e1pida<br \/>\n&#8211; Tambi\u00e9n Incrementa el esfuerzo de los ejercicios de tonificaci\u00f3n de manera pr\u00e1ctica y c\u00f3moda sin incrementar el n\u00famero de repeticiones por ejercicio<\/p>\n","protected":false},"excerpt":{"rendered":"<p>PESAS TOBILLERAS SPORTFITNESS 3KG Caracter\u00edsticas: &#8211; Material Interno: Relleno de Arena y Plomo &#8211; Peso: 3 kg c\/u &#8211; Material Externo: Velcro, Tela Oxford &#8211; Uso: Dom\u00e9stico Premium, Institucional y Profesional VENTAJAS: &#8211; Puedes usarlas tambi\u00e9n en las mu\u00f1ecas &#8211; Te permite obtener buenos resultados en tiempos m\u00e1s cortos &#8211; Permiten aprovechar mucho m\u00e1s el<\/p>\n<p class=\"link-more\"><a href=\"https:\/\/cabanadeportiva.com\/?product=pesa-tobillera-3-kg\" class=\"more-link\"><span>Leer M\u00e1s<\/span><span class=\"meta-nav\">&#8594;<\/span><\/a><\/p>\n","protected":false},"featured_media":1310,"comment_status":"open","ping_status":"closed","template":"","meta":[],"product_brand":[],"product_cat":[71],"product_tag":[],"class_list":{"0":"post-1308","1":"product","2":"type-product","3":"status-publish","4":"has-post-thumbnail","6":"product_cat-tobilleras","7":"yith_product_brand-sport-fitness","9":"first","10":"instock","11":"sale","12":"shipping-taxable","13":"purchasable","14":"product-type-simple"},"_links":{"self":[{"href":"https:\/\/cabanadeportiva.com\/index.php?rest_route=\/wp\/v2\/product\/1308","targetHints":{"allow":["GET"]}}],"collection":[{"href":"https:\/\/cabanadeportiva.com\/index.php?rest_route=\/wp\/v2\/product"}],"about":[{"href":"https:\/\/cabanadeportiva.com\/index.php?rest_route=\/wp\/v2\/types\/product"}],"replies":[{"embeddable":true,"href":"https:\/\/cabanadeportiva.com\/index.php?rest_route=%2Fwp%2Fv2%2Fcomments&post=1308"}],"wp:featuredmedia":[{"embeddable":true,"href":"https:\/\/cabanadeportiva.com\/index.php?rest_route=\/wp\/v2\/media\/1310"}],"wp:attachment":[{"href":"https:\/\/cabanadeportiva.com\/index.php?rest_route=%2Fwp%2Fv2%2Fmedia&parent=1308"}],"wp:term":[{"taxonomy":"product_brand","embeddable":true,"href":"https:\/\/cabanadeportiva.com\/index.php?rest_route=%2Fwp%2Fv2%2Fproduct_brand&post=1308"},{"taxonomy":"product_cat","embeddable":true,"href":"https:\/\/cabanadeportiva.com\/index.php?rest_route=%2Fwp%2Fv2%2Fproduct_cat&post=1308"},{"taxonomy":"product_tag","embeddable":true,"href":"https:\/\/cabanadeportiva.com\/index.php?rest_route=%2Fwp%2Fv2%2Fproduct_tag&post=1308"}],"curies":[{"name":"wp","href":"https:\/\/api.w.org\/{rel}","templated":true}]}}