{"id":1311,"date":"2022-05-09T16:03:00","date_gmt":"2022-05-09T16:03:00","guid":{"rendered":"https:\/\/cabanadeportiva.com\/?post_type=product&#038;p=1311"},"modified":"2023-10-03T17:05:27","modified_gmt":"2023-10-03T17:05:27","slug":"pesa-tobillera-2-25-kg","status":"publish","type":"product","link":"https:\/\/cabanadeportiva.com\/?product=pesa-tobillera-2-25-kg","title":{"rendered":"Pesa tobillera 2.25 kg"},"content":{"rendered":"<p>Con estas pesas tobilleras ajustables a cualquier talla de tobillos te ayudara en tus rutinas de ejercicio y promover eficazmente la construcci\u00f3n de m\u00fasculo es ideal para caminar y trotar. Adiciona fuerza a los entrenamientos produciendo un est\u00edmulo adicional en los m\u00fasculos de las piernas.<br \/>\nTambi\u00e9n Incrementa el esfuerzo de los ejercicios de tonificaci\u00f3n de manera pr\u00e1ctica y c\u00f3moda sin incrementar el n\u00famero de repeticiones por ejercicio.<\/p>\n<p>Material: Oxford<br \/>\nContenido: bolsas de arena con plomo pulverizado<br \/>\nPeso: 2.25 kg cada una<br \/>\nContiene: 2 pesas tobilleras (par)<\/p>\n","protected":false},"excerpt":{"rendered":"<p>Con estas pesas tobilleras ajustables a cualquier talla de tobillos te ayudara en tus rutinas de ejercicio y promover eficazmente la construcci\u00f3n de m\u00fasculo es ideal para caminar y trotar. Adiciona fuerza a los entrenamientos produciendo un est\u00edmulo adicional en los m\u00fasculos de las piernas. Tambi\u00e9n Incrementa el esfuerzo de los ejercicios de tonificaci\u00f3n de<\/p>\n<p class=\"link-more\"><a href=\"https:\/\/cabanadeportiva.com\/?product=pesa-tobillera-2-25-kg\" class=\"more-link\"><span>Leer M\u00e1s<\/span><span class=\"meta-nav\">&#8594;<\/span><\/a><\/p>\n","protected":false},"featured_media":1309,"comment_status":"open","ping_status":"closed","template":"","meta":[],"product_brand":[],"product_cat":[67,71],"product_tag":[],"class_list":{"0":"post-1311","1":"product","2":"type-product","3":"status-publish","4":"has-post-thumbnail","6":"product_cat-gym","7":"product_cat-tobilleras","8":"yith_product_brand-sport-fitness","10":"first","11":"instock","12":"sale","13":"shipping-taxable","14":"purchasable","15":"product-type-simple"},"_links":{"self":[{"href":"https:\/\/cabanadeportiva.com\/index.php?rest_route=\/wp\/v2\/product\/1311","targetHints":{"allow":["GET"]}}],"collection":[{"href":"https:\/\/cabanadeportiva.com\/index.php?rest_route=\/wp\/v2\/product"}],"about":[{"href":"https:\/\/cabanadeportiva.com\/index.php?rest_route=\/wp\/v2\/types\/product"}],"replies":[{"embeddable":true,"href":"https:\/\/cabanadeportiva.com\/index.php?rest_route=%2Fwp%2Fv2%2Fcomments&post=1311"}],"wp:featuredmedia":[{"embeddable":true,"href":"https:\/\/cabanadeportiva.com\/index.php?rest_route=\/wp\/v2\/media\/1309"}],"wp:attachment":[{"href":"https:\/\/cabanadeportiva.com\/index.php?rest_route=%2Fwp%2Fv2%2Fmedia&parent=1311"}],"wp:term":[{"taxonomy":"product_brand","embeddable":true,"href":"https:\/\/cabanadeportiva.com\/index.php?rest_route=%2Fwp%2Fv2%2Fproduct_brand&post=1311"},{"taxonomy":"product_cat","embeddable":true,"href":"https:\/\/cabanadeportiva.com\/index.php?rest_route=%2Fwp%2Fv2%2Fproduct_cat&post=1311"},{"taxonomy":"product_tag","embeddable":true,"href":"https:\/\/cabanadeportiva.com\/index.php?rest_route=%2Fwp%2Fv2%2Fproduct_tag&post=1311"}],"curies":[{"name":"wp","href":"https:\/\/api.w.org\/{rel}","templated":true}]}}