{"id":1411,"date":"2022-05-11T16:49:06","date_gmt":"2022-05-11T16:49:06","guid":{"rendered":"https:\/\/cabanadeportiva.com\/?post_type=product&#038;p=1411"},"modified":"2022-05-11T16:49:06","modified_gmt":"2022-05-11T16:49:06","slug":"rodillera-de-presion-corta-con-velcro","status":"publish","type":"product","link":"https:\/\/cabanadeportiva.com\/?product=rodillera-de-presion-corta-con-velcro","title":{"rendered":"Rodillera de presion corta con velcro"},"content":{"rendered":"<p>Viene en talla \u00fanica ya que es el\u00e1stica y permite adaptarse a la mayor\u00eda de personas.<br \/>\nHecha en materiales livianos y transpirables, ideal para el uso diario.<br \/>\nIdeal para artritis, esguince de rodilla, tensi\u00f3n de rodilla, debilidad en rodillas, inestabilidad en rodillas.<br \/>\nSeguro y c\u00f3modo de llevar con un dise\u00f1o moderno con materiales el\u00e1sticos de primera calidad. Adem\u00e1s cuenta con correa el\u00e1stica asegurada con un fuerte velcro para ajustar en la parte superior y de esta manera no enrollarse en la pierna.<\/p>\n","protected":false},"excerpt":{"rendered":"<p>Viene en talla \u00fanica ya que es el\u00e1stica y permite adaptarse a la mayor\u00eda de personas. Hecha en materiales livianos y transpirables, ideal para el uso diario. Ideal para artritis, esguince de rodilla, tensi\u00f3n de rodilla, debilidad en rodillas, inestabilidad en rodillas. Seguro y c\u00f3modo de llevar con un dise\u00f1o moderno con materiales el\u00e1sticos de<\/p>\n<p class=\"link-more\"><a href=\"https:\/\/cabanadeportiva.com\/?product=rodillera-de-presion-corta-con-velcro\" class=\"more-link\"><span>Leer M\u00e1s<\/span><span class=\"meta-nav\">&#8594;<\/span><\/a><\/p>\n","protected":false},"featured_media":1412,"comment_status":"open","ping_status":"closed","template":"","meta":[],"product_brand":[],"product_cat":[109,113],"product_tag":[],"class_list":{"0":"post-1411","1":"product","2":"type-product","3":"status-publish","4":"has-post-thumbnail","6":"product_cat-lesiones","7":"product_cat-rodilleras","9":"first","10":"instock","11":"sale","12":"shipping-taxable","13":"purchasable","14":"product-type-simple"},"_links":{"self":[{"href":"https:\/\/cabanadeportiva.com\/index.php?rest_route=\/wp\/v2\/product\/1411","targetHints":{"allow":["GET"]}}],"collection":[{"href":"https:\/\/cabanadeportiva.com\/index.php?rest_route=\/wp\/v2\/product"}],"about":[{"href":"https:\/\/cabanadeportiva.com\/index.php?rest_route=\/wp\/v2\/types\/product"}],"replies":[{"embeddable":true,"href":"https:\/\/cabanadeportiva.com\/index.php?rest_route=%2Fwp%2Fv2%2Fcomments&post=1411"}],"wp:featuredmedia":[{"embeddable":true,"href":"https:\/\/cabanadeportiva.com\/index.php?rest_route=\/wp\/v2\/media\/1412"}],"wp:attachment":[{"href":"https:\/\/cabanadeportiva.com\/index.php?rest_route=%2Fwp%2Fv2%2Fmedia&parent=1411"}],"wp:term":[{"taxonomy":"product_brand","embeddable":true,"href":"https:\/\/cabanadeportiva.com\/index.php?rest_route=%2Fwp%2Fv2%2Fproduct_brand&post=1411"},{"taxonomy":"product_cat","embeddable":true,"href":"https:\/\/cabanadeportiva.com\/index.php?rest_route=%2Fwp%2Fv2%2Fproduct_cat&post=1411"},{"taxonomy":"product_tag","embeddable":true,"href":"https:\/\/cabanadeportiva.com\/index.php?rest_route=%2Fwp%2Fv2%2Fproduct_tag&post=1411"}],"curies":[{"name":"wp","href":"https:\/\/api.w.org\/{rel}","templated":true}]}}