{"id":1873,"date":"2023-10-05T15:33:30","date_gmt":"2023-10-05T15:33:30","guid":{"rendered":"https:\/\/cabanadeportiva.com\/?post_type=product&#038;p=1873"},"modified":"2023-10-05T15:37:33","modified_gmt":"2023-10-05T15:37:33","slug":"balones-futbol-golty-original-4","status":"publish","type":"product","link":"https:\/\/cabanadeportiva.com\/?product=balones-futbol-golty-original-4","title":{"rendered":"Balones futbol Golty Original #4"},"content":{"rendered":"<ul class=\"b_vList b_divsec b_bullet\">\n<li data-priority=\"\"><a class=\"sh-anchor\" href=\"https:\/\/www.bing.com\/ck\/a?!&amp;&amp;p=22ca0894dce83d89JmltdHM9MTY5NjQ2NDAwMCZpZ3VpZD0wMDFhOTdhOC0yYjY3LTZlNDEtMjI4OS04NTg0MmFjODZmN2YmaW5zaWQ9NTc1NA&amp;ptn=3&amp;hsh=3&amp;fclid=001a97a8-2b67-6e41-2289-85842ac86f7f&amp;psq=descripci%c3%b3n+balones+golty+futbol+%234&amp;u=a1aHR0cHM6Ly9nb2x0eS5jb20uY28vcHJvZHVjdC9iYWxvbi1kZS1mdXRib2wtcHJvZmVzaW9uYWwtZ29sdHktb3JpZ2VuLTQv&amp;ntb=1\" target=\"_blank\" rel=\"noopener\" data-tg-citations=\"1\" data-tgpsgid=\"d_anstgsen2\">Dise\u00f1o geom\u00e9trico de paneles exclusivo Golty Space<\/a>.<\/li>\n<li data-priority=\"\"><a class=\"sh-anchor\" href=\"https:\/\/www.bing.com\/ck\/a?!&amp;&amp;p=ecb5b6a159f100faJmltdHM9MTY5NjQ2NDAwMCZpZ3VpZD0wMDFhOTdhOC0yYjY3LTZlNDEtMjI4OS04NTg0MmFjODZmN2YmaW5zaWQ9NTc1Ng&amp;ptn=3&amp;hsh=3&amp;fclid=001a97a8-2b67-6e41-2289-85842ac86f7f&amp;psq=descripci%c3%b3n+balones+golty+futbol+%234&amp;u=a1aHR0cHM6Ly9nb2x0eS5jb20uY28vcHJvZHVjdC9iYWxvbi1kZS1mdXRib2wtcHJvZmVzaW9uYWwtZ29sdHktb3JpZ2VuLTQv&amp;ntb=1\" target=\"_blank\" rel=\"noopener\" data-tg-citations=\"1;4\" data-tgpsgid=\"d_anstgsen3\">THERMOTECH, t\u00e9cnicamente laminado. Vuelo con precisi\u00f3n en distancia y velocidad<\/a><a class=\"ac-anchor sup-target\" href=\"https:\/\/www.bing.com\/ck\/a?!&amp;&amp;p=a082acec76e17d0aJmltdHM9MTY5NjQ2NDAwMCZpZ3VpZD0wMDFhOTdhOC0yYjY3LTZlNDEtMjI4OS04NTg0MmFjODZmN2YmaW5zaWQ9NTc1Nw&amp;ptn=3&amp;hsh=3&amp;fclid=001a97a8-2b67-6e41-2289-85842ac86f7f&amp;psq=descripci%c3%b3n+balones+golty+futbol+%234&amp;u=a1aHR0cHM6Ly9nb2x0eS5jb20uY28vcHJvZHVjdC9iYWxvbi1kZS1mdXRib2wtcHJvZmVzaW9uYWwtZ29sdHktb3JpZ2VuLTQv&amp;ntb=1\" target=\"_blank\" rel=\"noopener\" data-tgpsgid=\"d_anstgpsg1\"><sup>1<\/sup><\/a><a class=\"ac-anchor sup-target\" href=\"https:\/\/www.bing.com\/ck\/a?!&amp;&amp;p=61473daf068f9729JmltdHM9MTY5NjQ2NDAwMCZpZ3VpZD0wMDFhOTdhOC0yYjY3LTZlNDEtMjI4OS04NTg0MmFjODZmN2YmaW5zaWQ9NTc1OA&amp;ptn=3&amp;hsh=3&amp;fclid=001a97a8-2b67-6e41-2289-85842ac86f7f&amp;psq=descripci%c3%b3n+balones+golty+futbol+%234&amp;u=a1aHR0cHM6Ly93d3cuZmFieXNwb3J0LmNvbS9wcm9kdWN0by9iYWxvbi1mdXRib2wtZ29sdHktcHJvZmVzaW9uYWwtb3JpZ2VuLw&amp;ntb=1\" target=\"_blank\" rel=\"noopener\" data-tgpsgid=\"d_anstgpsg4\"><sup>4<\/sup><\/a>.<\/li>\n<li data-priority=\"\"><a class=\"sh-anchor\" href=\"https:\/\/www.bing.com\/ck\/a?!&amp;&amp;p=0f5545277563d238JmltdHM9MTY5NjQ2NDAwMCZpZ3VpZD0wMDFhOTdhOC0yYjY3LTZlNDEtMjI4OS04NTg0MmFjODZmN2YmaW5zaWQ9NTc1OQ&amp;ptn=3&amp;hsh=3&amp;fclid=001a97a8-2b67-6e41-2289-85842ac86f7f&amp;psq=descripci%c3%b3n+balones+golty+futbol+%234&amp;u=a1aHR0cHM6Ly9nb2x0eS5jb20uY28vcHJvZHVjdC9mdXRib2wtc2FsYS1wcm9mZXNzaW9uYWwtZ29sdHktb3JpZ2VuLXRoZXJtb3RlY2gv&amp;ntb=1\" target=\"_blank\" rel=\"noopener\" data-tg-citations=\"2\" data-tgpsgid=\"d_anstgsen4\">Total esfericidad sin p\u00e9rdida de aire (Bal\u00f3n m\u00e1s aerodin\u00e1mico)<\/a><a class=\"ac-anchor sup-target\" href=\"https:\/\/www.bing.com\/ck\/a?!&amp;&amp;p=050e8dfbb1de610eJmltdHM9MTY5NjQ2NDAwMCZpZ3VpZD0wMDFhOTdhOC0yYjY3LTZlNDEtMjI4OS04NTg0MmFjODZmN2YmaW5zaWQ9NTc2MA&amp;ptn=3&amp;hsh=3&amp;fclid=001a97a8-2b67-6e41-2289-85842ac86f7f&amp;psq=descripci%c3%b3n+balones+golty+futbol+%234&amp;u=a1aHR0cHM6Ly9nb2x0eS5jb20uY28vcHJvZHVjdC9mdXRib2wtc2FsYS1wcm9mZXNzaW9uYWwtZ29sdHktb3JpZ2VuLXRoZXJtb3RlY2gv&amp;ntb=1\" target=\"_blank\" rel=\"noopener\" data-tgpsgid=\"d_anstgpsg2\"><sup>2<\/sup><\/a>.<\/li>\n<\/ul>\n","protected":false},"excerpt":{"rendered":"<p>Dise\u00f1o geom\u00e9trico de paneles exclusivo Golty Space. THERMOTECH, t\u00e9cnicamente laminado. Vuelo con precisi\u00f3n en distancia y velocidad14. Total esfericidad sin p\u00e9rdida de aire (Bal\u00f3n m\u00e1s aerodin\u00e1mico)2.<\/p>\n","protected":false},"featured_media":1874,"comment_status":"open","ping_status":"closed","template":"","meta":[],"product_brand":[],"product_cat":[57,60],"product_tag":[],"class_list":{"0":"post-1873","1":"product","2":"type-product","3":"status-publish","4":"has-post-thumbnail","6":"product_cat-deportes","7":"product_cat-futbol","9":"first","10":"instock","11":"sale","12":"shipping-taxable","13":"purchasable","14":"product-type-simple"},"_links":{"self":[{"href":"https:\/\/cabanadeportiva.com\/index.php?rest_route=\/wp\/v2\/product\/1873","targetHints":{"allow":["GET"]}}],"collection":[{"href":"https:\/\/cabanadeportiva.com\/index.php?rest_route=\/wp\/v2\/product"}],"about":[{"href":"https:\/\/cabanadeportiva.com\/index.php?rest_route=\/wp\/v2\/types\/product"}],"replies":[{"embeddable":true,"href":"https:\/\/cabanadeportiva.com\/index.php?rest_route=%2Fwp%2Fv2%2Fcomments&post=1873"}],"wp:featuredmedia":[{"embeddable":true,"href":"https:\/\/cabanadeportiva.com\/index.php?rest_route=\/wp\/v2\/media\/1874"}],"wp:attachment":[{"href":"https:\/\/cabanadeportiva.com\/index.php?rest_route=%2Fwp%2Fv2%2Fmedia&parent=1873"}],"wp:term":[{"taxonomy":"product_brand","embeddable":true,"href":"https:\/\/cabanadeportiva.com\/index.php?rest_route=%2Fwp%2Fv2%2Fproduct_brand&post=1873"},{"taxonomy":"product_cat","embeddable":true,"href":"https:\/\/cabanadeportiva.com\/index.php?rest_route=%2Fwp%2Fv2%2Fproduct_cat&post=1873"},{"taxonomy":"product_tag","embeddable":true,"href":"https:\/\/cabanadeportiva.com\/index.php?rest_route=%2Fwp%2Fv2%2Fproduct_tag&post=1873"}],"curies":[{"name":"wp","href":"https:\/\/api.w.org\/{rel}","templated":true}]}}