{"id":2276,"date":"2024-01-16T19:20:56","date_gmt":"2024-01-16T19:20:56","guid":{"rendered":"https:\/\/cabanadeportiva.com\/?post_type=product&#038;p=2276"},"modified":"2024-01-19T14:54:10","modified_gmt":"2024-01-19T14:54:10","slug":"balones-de-baloncesto-molten-bg4000","status":"publish","type":"product","link":"https:\/\/cabanadeportiva.com\/?product=balones-de-baloncesto-molten-bg4000","title":{"rendered":"BALONES DE BALONCESTO MOLTEN BG4000"},"content":{"rendered":"<p>El bal\u00f3n de baloncesto\u00a0<strong>Molten BG4000 es un bal\u00f3n de alta calidad que se ha utilizado en muchos torneos y competiciones de baloncesto en todo el mundo<\/strong>. A continuaci\u00f3n, te proporcionar\u00e9 una revisi\u00f3n completa de sus caracter\u00edsticas y detalles.<\/p>\n<ul>\n<li>Pelota de competici\u00f3n.<\/li>\n<li>Piel sint\u00e9tica premium con aspecto de piel natural.<\/li>\n<li>Nuevo concepto de superficie y amortiguaci\u00f3n.<\/li>\n<li>Aprobado por la FIBA.<\/li>\n<li>Certificado DBB, logo de la DBB.<\/li>\n<\/ul>\n","protected":false},"excerpt":{"rendered":"<p>El bal\u00f3n de baloncesto\u00a0Molten BG4000 es un bal\u00f3n de alta calidad que se ha utilizado en muchos torneos y competiciones de baloncesto en todo el mundo. A continuaci\u00f3n, te proporcionar\u00e9 una revisi\u00f3n completa de sus caracter\u00edsticas y detalles. Pelota de competici\u00f3n. Piel sint\u00e9tica premium con aspecto de piel natural. Nuevo concepto de superficie y amortiguaci\u00f3n.<\/p>\n<p class=\"link-more\"><a href=\"https:\/\/cabanadeportiva.com\/?product=balones-de-baloncesto-molten-bg4000\" class=\"more-link\"><span>Leer M\u00e1s<\/span><span class=\"meta-nav\">&#8594;<\/span><\/a><\/p>\n","protected":false},"featured_media":2324,"comment_status":"open","ping_status":"closed","template":"","meta":[],"product_brand":[],"product_cat":[63],"product_tag":[],"class_list":{"0":"post-2276","1":"product","2":"type-product","3":"status-publish","4":"has-post-thumbnail","6":"product_cat-basketball","8":"first","9":"instock","10":"sale","11":"shipping-taxable","12":"purchasable","13":"product-type-simple"},"_links":{"self":[{"href":"https:\/\/cabanadeportiva.com\/index.php?rest_route=\/wp\/v2\/product\/2276","targetHints":{"allow":["GET"]}}],"collection":[{"href":"https:\/\/cabanadeportiva.com\/index.php?rest_route=\/wp\/v2\/product"}],"about":[{"href":"https:\/\/cabanadeportiva.com\/index.php?rest_route=\/wp\/v2\/types\/product"}],"replies":[{"embeddable":true,"href":"https:\/\/cabanadeportiva.com\/index.php?rest_route=%2Fwp%2Fv2%2Fcomments&post=2276"}],"wp:featuredmedia":[{"embeddable":true,"href":"https:\/\/cabanadeportiva.com\/index.php?rest_route=\/wp\/v2\/media\/2324"}],"wp:attachment":[{"href":"https:\/\/cabanadeportiva.com\/index.php?rest_route=%2Fwp%2Fv2%2Fmedia&parent=2276"}],"wp:term":[{"taxonomy":"product_brand","embeddable":true,"href":"https:\/\/cabanadeportiva.com\/index.php?rest_route=%2Fwp%2Fv2%2Fproduct_brand&post=2276"},{"taxonomy":"product_cat","embeddable":true,"href":"https:\/\/cabanadeportiva.com\/index.php?rest_route=%2Fwp%2Fv2%2Fproduct_cat&post=2276"},{"taxonomy":"product_tag","embeddable":true,"href":"https:\/\/cabanadeportiva.com\/index.php?rest_route=%2Fwp%2Fv2%2Fproduct_tag&post=2276"}],"curies":[{"name":"wp","href":"https:\/\/api.w.org\/{rel}","templated":true}]}}