{"id":2299,"date":"2024-01-16T20:25:35","date_gmt":"2024-01-16T20:25:35","guid":{"rendered":"https:\/\/cabanadeportiva.com\/?post_type=product&#038;p=2299"},"modified":"2024-01-19T15:05:03","modified_gmt":"2024-01-19T15:05:03","slug":"molten-1500-volleybol","status":"publish","type":"product","link":"https:\/\/cabanadeportiva.com\/?product=molten-1500-volleybol","title":{"rendered":"molten 1500 volleybol"},"content":{"rendered":"<p>Bal\u00f3n de voleibol\u00a0<strong>V5M1500<\/strong>\u00a0Molten para uso de interiores (indoor) y exteriores (outdoor). Color: Blanco, rojo y verde. Construcci\u00f3n: Cosido a m\u00e1quina. Paneles: 18 paneles. Material: Cuero sint\u00e9tico. C\u00e1mara interior: Butilo. Dimensiones: 65 \u2013 67 cm. 260 \u2013 280 g.<\/p>\n","protected":false},"excerpt":{"rendered":"<p>Bal\u00f3n de voleibol\u00a0V5M1500\u00a0Molten para uso de interiores (indoor) y exteriores (outdoor). Color: Blanco, rojo y verde. Construcci\u00f3n: Cosido a m\u00e1quina. Paneles: 18 paneles. Material: Cuero sint\u00e9tico. C\u00e1mara interior: Butilo. Dimensiones: 65 \u2013 67 cm. 260 \u2013 280 g.<\/p>\n","protected":false},"featured_media":2331,"comment_status":"open","ping_status":"closed","template":"","meta":[],"product_brand":[],"product_cat":[57,62],"product_tag":[],"class_list":{"0":"post-2299","1":"product","2":"type-product","3":"status-publish","4":"has-post-thumbnail","6":"product_cat-deportes","7":"product_cat-voleibol","8":"yith_product_brand-mikasa","10":"first","11":"instock","12":"sale","13":"shipping-taxable","14":"purchasable","15":"product-type-simple"},"_links":{"self":[{"href":"https:\/\/cabanadeportiva.com\/index.php?rest_route=\/wp\/v2\/product\/2299","targetHints":{"allow":["GET"]}}],"collection":[{"href":"https:\/\/cabanadeportiva.com\/index.php?rest_route=\/wp\/v2\/product"}],"about":[{"href":"https:\/\/cabanadeportiva.com\/index.php?rest_route=\/wp\/v2\/types\/product"}],"replies":[{"embeddable":true,"href":"https:\/\/cabanadeportiva.com\/index.php?rest_route=%2Fwp%2Fv2%2Fcomments&post=2299"}],"wp:featuredmedia":[{"embeddable":true,"href":"https:\/\/cabanadeportiva.com\/index.php?rest_route=\/wp\/v2\/media\/2331"}],"wp:attachment":[{"href":"https:\/\/cabanadeportiva.com\/index.php?rest_route=%2Fwp%2Fv2%2Fmedia&parent=2299"}],"wp:term":[{"taxonomy":"product_brand","embeddable":true,"href":"https:\/\/cabanadeportiva.com\/index.php?rest_route=%2Fwp%2Fv2%2Fproduct_brand&post=2299"},{"taxonomy":"product_cat","embeddable":true,"href":"https:\/\/cabanadeportiva.com\/index.php?rest_route=%2Fwp%2Fv2%2Fproduct_cat&post=2299"},{"taxonomy":"product_tag","embeddable":true,"href":"https:\/\/cabanadeportiva.com\/index.php?rest_route=%2Fwp%2Fv2%2Fproduct_tag&post=2299"}],"curies":[{"name":"wp","href":"https:\/\/api.w.org\/{rel}","templated":true}]}}