{"id":2798,"date":"2024-11-23T15:02:14","date_gmt":"2024-11-23T20:02:14","guid":{"rendered":"https:\/\/cabanadeportiva.com\/?post_type=product&#038;p=2798"},"modified":"2024-11-23T15:02:47","modified_gmt":"2024-11-23T20:02:47","slug":"casco-cityrun-inyectado-2","status":"publish","type":"product","link":"https:\/\/cabanadeportiva.com\/?product=casco-cityrun-inyectado-2","title":{"rendered":"Casco Cityrun Inyectado"},"content":{"rendered":"<p>Los cascos CITYIN de CITYRUN est\u00e1n fabricados con todos los est\u00e1ndares de seguridad, testeados para protegerte de fuertes ca\u00eddas, vienen en dos tallas S-M, M-L con un sistema especial de ajuste de tallas, este permite que un casco se ajuste a dos tallas diferentes.<\/p>\n<p>EL casco Cityrun es vulcanizado (una sola pieza)<\/p>\n","protected":false},"excerpt":{"rendered":"<p>Los cascos CITYIN de CITYRUN est\u00e1n fabricados con todos los est\u00e1ndares de seguridad, testeados para protegerte de fuertes ca\u00eddas, vienen en dos tallas S-M, M-L con un sistema especial de ajuste de tallas, este permite que un casco se ajuste a dos tallas diferentes. EL casco Cityrun es vulcanizado (una sola pieza)<\/p>\n","protected":false},"featured_media":2799,"comment_status":"open","ping_status":"closed","template":"","meta":[],"product_brand":[],"product_cat":[86,84],"product_tag":[],"class_list":{"0":"post-2798","1":"product","2":"type-product","3":"status-publish","4":"has-post-thumbnail","6":"product_cat-cascos","7":"product_cat-patinaje-2","9":"first","10":"instock","11":"sale","12":"shipping-taxable","13":"purchasable","14":"product-type-simple"},"_links":{"self":[{"href":"https:\/\/cabanadeportiva.com\/index.php?rest_route=\/wp\/v2\/product\/2798","targetHints":{"allow":["GET"]}}],"collection":[{"href":"https:\/\/cabanadeportiva.com\/index.php?rest_route=\/wp\/v2\/product"}],"about":[{"href":"https:\/\/cabanadeportiva.com\/index.php?rest_route=\/wp\/v2\/types\/product"}],"replies":[{"embeddable":true,"href":"https:\/\/cabanadeportiva.com\/index.php?rest_route=%2Fwp%2Fv2%2Fcomments&post=2798"}],"wp:featuredmedia":[{"embeddable":true,"href":"https:\/\/cabanadeportiva.com\/index.php?rest_route=\/wp\/v2\/media\/2799"}],"wp:attachment":[{"href":"https:\/\/cabanadeportiva.com\/index.php?rest_route=%2Fwp%2Fv2%2Fmedia&parent=2798"}],"wp:term":[{"taxonomy":"product_brand","embeddable":true,"href":"https:\/\/cabanadeportiva.com\/index.php?rest_route=%2Fwp%2Fv2%2Fproduct_brand&post=2798"},{"taxonomy":"product_cat","embeddable":true,"href":"https:\/\/cabanadeportiva.com\/index.php?rest_route=%2Fwp%2Fv2%2Fproduct_cat&post=2798"},{"taxonomy":"product_tag","embeddable":true,"href":"https:\/\/cabanadeportiva.com\/index.php?rest_route=%2Fwp%2Fv2%2Fproduct_tag&post=2798"}],"curies":[{"name":"wp","href":"https:\/\/api.w.org\/{rel}","templated":true}]}}